09. What is the tens digit of d?
6
Suppose 263*p - 19548153 + 2923923 = 0. What is the ten thousands digit of p?
6
What is the units digit of 21674 - 5 - (-99 + 107)?
1
Suppose 5*p - 10976 - 40603 = -2*s, -3*s = -3*p + 30981. What is the thousands digit of p?
0
Let a(x) = -x**3 - 9*x**2 + 2*x + 19. Let m be a(-9). Let t be -2 - -5 - m - -4. Suppose -t*w = -2*w - 52. What is the tens digit of w?
1
Let r(u) = -u**2 + 9*u - 2. Let v be r(8). What is the tens digit of (5 + -8)*(-958)/v*1?
7
Let k(g) = -1303*g**3 - 24*g**2 - 77*g - 5. What is the thousands digit of k(-3)?
5
Suppose 4*g + 7*x = 3*x + 24, -21 = -4*g - x. Suppose -g*w = -2*i + 491, 3*w - w = -4*i + 946. What is the hundreds digit of i?
2
What is the hundreds digit of ((6/4)/(390/43940))/1?
1
Let p(s) = -s**2 + 12. Suppose 2*f - 27 = -3*h - 0*h, -2*f = -5*h + 13. Let l be p(f). What is the tens digit of (-1 + 40)*(-40)/l?
6
Let o be (4/6)/(4 - (-101387)/(-25344)). Let d = o + 3029. What is the hundreds digit of d?
4
Let b(p) be the third derivative of -31*p**6/20 + p**5/60 + p**4/8 + p**3/3 - 2*p**2 + 43*p. What is the hundreds digit of b(-1)?
1
Let d = -92 - -52. Let n be 28*(-5)/d - (-1)/(-2). Suppose n*z + 190 = 4*z. What is the hundreds digit of z?
1
Suppose 44*j - 129*j - 41*j = -2731680. What is the thousands digit of j?
1
Suppose 3*q + 5975 = 4*t, 12 = -31*q + 35*q. Let n = t + -886. What is the hundreds digit of n?
6
Suppose -5*a + 42 = -4*a + 2*y, 4*a - 164 = -4*y. Suppose 0 = 6*u - u - a. What is the tens digit of (-516)/(-9)*12/u?
8
Suppose 2*k = -2, 4*z + 148 = -6*k + 2*k. Let y = 42 + z. What is the tens digit of ((-76)/y)/((-4)/18)?
5
Let s(u) = 118*u - 36. Let i(q) = 61*q - 18. Let n(w) = 5*i(w) - 2*s(w). What is the tens digit of n(17)?
5
Suppose -1575 = -219*i + 224*i. Let d = -224 - i. What is the units digit of d?
1
Let f be (-160)/(-4)*((-1)/(-2) + -1). Let a = -120 - -69. Let g = f - a. What is the tens digit of g?
3
Let w(u) = -22*u**2 - 11*u + 18. Let i(t) = -44*t**2 - 22*t + 36. Let j(l) = 3*i(l) - 7*w(l). What is the units digit of j(8)?
8
Suppose 6*g + 104 = 14*g. Let z(u) = -u - 32. Let w be z(g). Let a = -16 - w. What is the units digit of a?
9
Let k = 14498 - 8191. What is the tens digit of k?
0
Let l(h) be the third derivative of h**6/120 + h**5/30 + h**4/6 + 4*h**3/3 + 27*h**2. What is the units digit of l(6)?
0
Suppose 2*u + 2594 = 7*h - 4*h, 4*u = -h + 846. Suppose -5*f = -3*g + 2192, 2*g + 3*f - h = 574. What is the hundreds digit of g?
7
Suppose -2*d + 31 - 115 = 0. What is the hundreds digit of 122*(3/4)/(d/(-196))?
4
Let g be (-20)/(-1 + (0 - 9/(-3))). What is the units digit of (-12)/g*5*(-545)/(-10)?
7
Let h be 16/(-56) - 213162/(-42). Suppose -33055 = -20*p - h. What is the units digit of p?
9
Suppose 13*v = 16*v + 156. What is the hundreds digit of 3/(((-1)/v)/((-30)/(-40)))?
1
Suppose -46*r + 43*r + 189 = 0. What is the hundreds digit of (16/6 - -4)/(2/r)?
2
Let l be 256/(-6)*(-5)/20*-3. Let f = 31 + l. What is the tens digit of f/(3/(-9)*(-3)/(-119))?
1
Let w(b) = -b**2 - 6*b - 7. Let u be w(-3). Suppose 5*s + 4*l = s + 44, 0 = u*s + 5*l - 19. What is the units digit of (105/(-10))/((-2)/s)?
3
Let g(i) = -5*i + 10. Suppose -2*h - 2 = 0, j + 5*h = -2*j + 16. Let v be g(j). What is the hundreds digit of (360/(-28))/(-1 + v/(-28))?
1
What is the units digit of (501/4)/(27/36)?
7
Let j be (1749/(-12))/(3/24). Let z = -710 - j. What is the units digit of z?
6
Let u be (20/(-15))/((-2)/231). Let n be -1 + 30/24 - u/8. Let g(p) = -7*p - 38. What is the tens digit of g(n)?
9
Let s be 1836/238*((-12)/54 - (-201)/54). Let p(c) = -14*c - 3. Let g be p(-4). Let h = g + s. What is the units digit of h?
0
Let h(o) = -o**3 - 10*o**2 - 15. Let l be h(-10). Let k be 1017/15 + (-3)/l. Let d = 34 + k. What is the hundreds digit of d?
1
Let z(o) be the second derivative of 11*o**4/12 - 4*o**3/3 - 2*o**2 - 63*o. What is the tens digit of z(3)?
7
Let m(j) = 75*j + 16. Let r be m(7). Let y = r - 125. Suppose y = 4*z - x + 5*x, 3*z + x - 320 = 0. What is the hundreds digit of z?
1
Let s = 6926 - -8346. What is the thousands digit of s?
5
Suppose 21*f - 108316 = 3509. What is the hundreds digit of f?
3
Let j = -31208 + 55332. What is the tens digit of j?
2
What is the units digit of 2/(-3)*(-15077 - -80)?
8
Let n be 6 - 8*(-1)/(-2). Suppose -20 = 4*g, -3*g - 3 - 8 = n*u. Suppose 2*w + 210 = 2*j + w, u*j + 2*w = 222. What is the units digit of j?
7
What is the units digit of (-23060)/(-6) - (((-1680)/(-18))/10 + -10)?
4
Let i(w) = w**3 + 8*w**2 - 13*w - 49. Let s be i(-9). What is the hundreds digit of 0 - (-10)/(-65) - 4838/s?
3
Let s = 47 - 30. Suppose 17 - s = 3*w. Suppose -7*l = -w*l - 14. What is the units digit of l?
2
Suppose -2*z - 2*z = 4, 2*t + 4*z = 116. Suppose 4*v - 43 = -m - 3, -4*m + t = -4*v. What is the units digit of ((-232)/m)/(1/(-10))?
6
Suppose 30574 = 2*g + 3*o, -5*g + 76421 = 11*o - 7*o. What is the thousands digit of g?
5
Suppose 70 - 102 = 8*n. Let x(o) be the second derivative of -3*o**5/20 - 7*o**4/12 - 5*o**3/6 - 3*o**2/2 + 3*o. What is the units digit of x(n)?
7
Let v be (-1642*(6 - 44/8))/1. Let b = 1799 + v. What is the tens digit of b?
7
Let r(f) = -49*f**3 - 49*f**2 - 213*f - 6. What is the units digit of r(-5)?
9
Let y be 47/(-2)*(-2 + 4). Let t(c) = -2*c**3 - 48*c**2 + 48*c + 61. Let m be t(-25). Let h = y + m. What is the tens digit of h?
6
Let c(i) = -3*i**3 + 4*i**2 - 3*i + 5. Let y(s) = 3*s - 33. Let m be y(12). Let o be c(m). Let x = 26 - o. What is the tens digit of x?
7
Let j(m) = -m**3 - 6*m**2 + 2*m - 33. Let u be j(-7). Suppose -2350 = -3*o - 2*b, -o + 212 = -u*b - 574. What is the tens digit of o?
8
Suppose 1331624 + 6293418 = 179*f. What is the tens digit of f?
9
Let o(l) be the first derivative of -l**2 + 33*l - 1. Let i be o(10). Let x(r) = r**2 - 10*r. What is the tens digit of x(i)?
3
Let y be (13 - 14)/((-2)/16). Suppose y*j = 5*j + 1479. What is the units digit of (-4)/((-20)/j) + (-9)/15?
8
Let j = 3359 - 1832. What is the hundreds digit of j?
5
Suppose 0 = 425*p - 9466911 - 4629914. What is the tens digit of p?
6
Suppose -6*i + 2*i = -2*s + 72, -2*s - 2*i = -60. Let n = s + -31. What is the units digit of (-2 - -12)*7 + n?
1
Suppose -6*o + 180 = -48. Suppose 4*d - 34 = 3*r - 0, 4*d - r - o = 0. Suppose 0 = 11*a - d*a - 164. What is the units digit of a?
4
Let v = -21 - -33. Let t be 25/75*(1*v - 0). Suppose d + 3 = 0, 0 = -y - t*d + 8*d + 32. What is the tens digit of y?
2
Let o(m) = -3*m**3 - m**2 + 5*m - 3. Let j be o(1). What is the units digit of j*3/(-12)*(1 - -1905)?
3
Let m(r) = 3647*r**2 - 68*r - 137. What is the ten thousands digit of m(-2)?
1
Suppose -c - 5*f + 14 = 3*c, 4*f - 10 = -2*c. What is the units digit of (9 - 43)/(4/(c + -3))?
7
Let i be (-6)/(-9) - (-32622)/18. Suppose 3*v = i - 118. What is the hundreds digit of v?
5
Let p be 27/6 + -4 - 6/4. Let l(n) = -136*n + 5. What is the hundreds digit of l(p)?
1
Let d = 3108 + 1930. Suppose 0 = 6*q + 2032 - d. What is the tens digit of q?
0
What is the units digit of (-24)/5*(-38680)/(-6)*(-19)/38?
2
Let x(c) = -49*c + 53 + 105*c + 10 - 75*c. What is the tens digit of x(-9)?
3
Let p(h) = 62*h**2 + 8 + 11*h - 34*h**2 - 27*h**2. Let r be p(-10). What is the units digit of -1 - r - 2 - (-7 - -2)?
4
Let s = 35 + -31. Suppose y + 4 = 5*y + 4*v, 0 = s*y - v + 21. Let i(f) = -15*f + 16. What is the tens digit of i(y)?
7
Let s be (-12 + 9)*(-2)/3. Let t be (s + -1)/4 + (-30)/(-8). Suppose 3*q - 88 = u, 0*q - q + t*u = -11. What is the units digit of q?
1
Let m = 218 + -239. Let n = 351 - m. What is the tens digit of n?
7
Let w(p) = -603*p + 20. Let i be w(-4). Suppose 23*z + i = 19*z. What is the tens digit of (z/20)/((-48)/15 - -3)?
5
Let j(u) = 7*u**2 + 58*u + 23. Let v be j(-8). Suppose v*l = 11*l + 3*n - 3956, 2*l - 1980 = -n. What is the hundreds digit of l?
9
Let i = 19814 - 13858. Suppose i = 4*p + 4*q, -5*p - 4*q + 7435 = -9*q. What is the units digit of p?
8
Let h = 639 + -178. Let t = h + -74. What is the units digit of t?
7
Suppose -2*u - 72 = -6*u. Suppose -20*g + 14 = -u*g. Let r = g - -41. What is the units digit of r?
8
Let o(x) = x - 1. Let u(d) = -12*d + 18. Let f(m) = -36*o(m) - 2*u(m). Let t be f(-7). Suppose -8*w - t = -12*w. What is t